{"id":8,"date":"2025-11-05T07:46:27","date_gmt":"2025-11-05T06:46:27","guid":{"rendered":"http:\/\/vanixx.de\/?page_id=8"},"modified":"2025-11-05T11:19:44","modified_gmt":"2025-11-05T10:19:44","slug":"willkommen","status":"publish","type":"page","link":"https:\/\/vanixx.de\/","title":{"rendered":"Willkommen"},"content":{"rendered":"\t\t<div data-elementor-type=\"wp-post\" data-elementor-id=\"8\" class=\"elementor elementor-8\">\n\t\t\t\t<div class=\"elementor-element elementor-element-6919c73 e-grid e-con-boxed wpr-particle-no wpr-jarallax-no wpr-parallax-no wpr-sticky-section-no e-con e-parent\" data-id=\"6919c73\" data-element_type=\"container\">\n\t\t\t\t\t<div class=\"e-con-inner\">\n\t\t\t\t<div class=\"elementor-element elementor-element-e1feb1d elementor-widget elementor-widget-image\" data-id=\"e1feb1d\" data-element_type=\"widget\" data-widget_type=\"image.default\">\n\t\t\t\t\t\t\t\t\t\t\t\t\t\t\t<img fetchpriority=\"high\" decoding=\"async\" width=\"410\" height=\"614\" src=\"https:\/\/vanixx.de\/wp-content\/uploads\/2025\/11\/Start.png\" class=\"attachment-1536x1536 size-1536x1536 wp-image-199\" alt=\"\" srcset=\"https:\/\/vanixx.de\/wp-content\/uploads\/2025\/11\/Start.png 410w, https:\/\/vanixx.de\/wp-content\/uploads\/2025\/11\/Start-200x300.png 200w\" sizes=\"(max-width: 410px) 100vw, 410px\" \/>\t\t\t\t\t\t\t\t\t\t\t\t\t\t\t<\/div>\n\t\t\t\t<div class=\"elementor-element elementor-element-0f40b3c elementor-widget elementor-widget-text-editor\" data-id=\"0f40b3c\" data-element_type=\"widget\" data-widget_type=\"text-editor.default\">\n\t\t\t\t\t\t\t\t\t<p data-start=\"347\" data-end=\"425\"><strong data-start=\"347\" data-end=\"425\">Erdarbeiten, Aushub und Transporte im Raum Dielheim, Wiesloch &amp; Heidelberg<\/strong><\/p><p data-start=\"347\" data-end=\"425\">Die\u00a0<strong data-start=\"431\" data-end=\"450\">EPP Erdbau GmbH<\/strong>\u00a0ist Ihr regionaler Partner f\u00fcr professionelle Erdarbeiten, Baugruben, Abbruch und Transporte im Rhein-Neckar-Kreis.<br data-start=\"566\" data-end=\"569\" \/>Mit modernen Baumaschinen, Erfahrung und viel Leidenschaft f\u00fchren wir alle Arbeiten rund um\u00a0<strong data-start=\"661\" data-end=\"682\">Erdbau und Aushub<\/strong>zuverl\u00e4ssig und termingerecht aus.<\/p><p data-start=\"427\" data-end=\"719\">\u00a0<\/p>\t\t\t\t\t\t\t\t<\/div>\n\t\t\t\t\t<\/div>\n\t\t\t\t<\/div>\n\t\t<div class=\"elementor-element elementor-element-8ec203f e-flex e-con-boxed wpr-particle-no wpr-jarallax-no wpr-parallax-no wpr-sticky-section-no e-con e-parent\" data-id=\"8ec203f\" data-element_type=\"container\">\n\t\t\t\t\t<div class=\"e-con-inner\">\n\t\t\t\t<div class=\"elementor-element elementor-element-88d649c elementor-widget elementor-widget-text-editor\" data-id=\"88d649c\" data-element_type=\"widget\" data-widget_type=\"text-editor.default\">\n\t\t\t\t\t\t\t\t\t<h3 data-start=\"310\" data-end=\"346\">Willkommen bei EPP Erdbau GmbH<\/h3><p data-start=\"721\" data-end=\"1008\">Ob <strong data-start=\"724\" data-end=\"777\">Hausbau, Gewerbefl\u00e4che oder Landschaftsgestaltung<\/strong> \u2013 wir \u00fcbernehmen das Abtragen, Planieren, Verdichten und den fachgerechten Abtransport von Erde und Material.<br data-start=\"887\" data-end=\"890\" \/>Unsere LKW- und Baggerflotte ist auf Effizienz und Pr\u00e4zision ausgelegt \u2013 f\u00fcr ein Ergebnis, das sich sehen lassen kann.<\/p><p data-start=\"1010\" data-end=\"1215\">Als regionales Unternehmen aus <strong data-start=\"1041\" data-end=\"1053\">Dielheim<\/strong> stehen wir f\u00fcr Qualit\u00e4t, Ehrlichkeit und direkte Kommunikation.<br data-start=\"1117\" data-end=\"1120\" \/>Wir arbeiten schnell, sauber und zuverl\u00e4ssig \u2013 von <strong data-start=\"1171\" data-end=\"1212\">Wiesloch \u00fcber Heidelberg bis Sinsheim<\/strong>.<\/p><p data-start=\"1217\" data-end=\"1322\">Kontaktieren Sie uns f\u00fcr Ihr n\u00e4chstes Projekt \u2013 <strong data-start=\"1265\" data-end=\"1284\">EPP Erdbau GmbH<\/strong> bringt Bewegung in Ihr Bauvorhaben.<\/p>\t\t\t\t\t\t\t\t<\/div>\n\t\t\t\t<div class=\"elementor-element elementor-element-837fe29 elementor-widget elementor-widget-image\" data-id=\"837fe29\" data-element_type=\"widget\" data-widget_type=\"image.default\">\n\t\t\t\t\t\t\t\t\t\t\t\t\t\t\t<img decoding=\"async\" width=\"900\" height=\"600\" src=\"https:\/\/vanixx.de\/wp-content\/uploads\/2025\/11\/ChatGPT-Image-5.-Nov.-2025-08_52_02-1024x683.png\" class=\"attachment-large size-large wp-image-36\" alt=\"\" srcset=\"https:\/\/vanixx.de\/wp-content\/uploads\/2025\/11\/ChatGPT-Image-5.-Nov.-2025-08_52_02-1024x683.png 1024w, https:\/\/vanixx.de\/wp-content\/uploads\/2025\/11\/ChatGPT-Image-5.-Nov.-2025-08_52_02-300x200.png 300w, https:\/\/vanixx.de\/wp-content\/uploads\/2025\/11\/ChatGPT-Image-5.-Nov.-2025-08_52_02-768x512.png 768w, https:\/\/vanixx.de\/wp-content\/uploads\/2025\/11\/ChatGPT-Image-5.-Nov.-2025-08_52_02.png 1536w\" sizes=\"(max-width: 900px) 100vw, 900px\" \/>\t\t\t\t\t\t\t\t\t\t\t\t\t\t\t<\/div>\n\t\t\t\t\t<\/div>\n\t\t\t\t<\/div>\n\t\t\t\t<\/div>\n\t\t","protected":false},"excerpt":{"rendered":"<p>Erdarbeiten, Aushub und Transporte im Raum Dielheim, Wiesloch &amp; Heidelberg Die\u00a0EPP Erdbau GmbH\u00a0ist Ihr regionaler Partner f\u00fcr professionelle Erdarbeiten, Baugruben, Abbruch und Transporte im Rhein-Neckar-Kreis.Mit modernen Baumaschinen, Erfahrung und viel Leidenschaft f\u00fchren wir alle Arbeiten rund um\u00a0Erdbau und Aushubzuverl\u00e4ssig und termingerecht aus. \u00a0 Willkommen bei EPP Erdbau GmbH Ob Hausbau, Gewerbefl\u00e4che oder Landschaftsgestaltung \u2013 wir \u00fcbernehmen das Abtragen, Planieren, Verdichten und den fachgerechten Abtransport von Erde und Material.Unsere LKW- und Baggerflotte ist auf Effizienz und Pr\u00e4zision ausgelegt \u2013 f\u00fcr ein Ergebnis, das sich sehen lassen kann. Als regionales Unternehmen aus Dielheim stehen wir f\u00fcr Qualit\u00e4t, Ehrlichkeit und direkte Kommunikation.Wir arbeiten schnell, sauber und zuverl\u00e4ssig \u2013 von Wiesloch \u00fcber Heidelberg bis Sinsheim. Kontaktieren Sie uns f\u00fcr Ihr n\u00e4chstes Projekt \u2013 EPP Erdbau GmbH bringt Bewegung in Ihr Bauvorhaben.<\/p>\n","protected":false},"author":1,"featured_media":0,"parent":0,"menu_order":0,"comment_status":"closed","ping_status":"closed","template":"","meta":{"footnotes":""},"class_list":["post-8","page","type-page","status-publish"],"yoast_head":"<!-- This site is optimized with the Yoast SEO plugin v26.3 - https:\/\/yoast.com\/wordpress\/plugins\/seo\/ -->\n<title>Willkommen - vanixx.de<\/title>\n<meta name=\"robots\" content=\"index, follow, max-snippet:-1, max-image-preview:large, max-video-preview:-1\" \/>\n<link rel=\"canonical\" href=\"http:\/\/vanixx.de\/\" \/>\n<meta property=\"og:locale\" content=\"de_DE\" \/>\n<meta property=\"og:type\" content=\"article\" \/>\n<meta property=\"og:title\" content=\"Willkommen - vanixx.de\" \/>\n<meta property=\"og:description\" content=\"Erdarbeiten, Aushub und Transporte im Raum Dielheim, Wiesloch &amp; Heidelberg Die\u00a0EPP Erdbau GmbH\u00a0ist Ihr regionaler Partner f\u00fcr professionelle Erdarbeiten, Baugruben, Abbruch und Transporte im Rhein-Neckar-Kreis.Mit modernen Baumaschinen, Erfahrung und viel Leidenschaft f\u00fchren wir alle Arbeiten rund um\u00a0Erdbau und Aushubzuverl\u00e4ssig und termingerecht aus. \u00a0 Willkommen bei EPP Erdbau GmbH Ob Hausbau, Gewerbefl\u00e4che oder Landschaftsgestaltung \u2013 wir \u00fcbernehmen das Abtragen, Planieren, Verdichten und den fachgerechten Abtransport von Erde und Material.Unsere LKW- und Baggerflotte ist auf Effizienz und Pr\u00e4zision ausgelegt \u2013 f\u00fcr ein Ergebnis, das sich sehen lassen kann. Als regionales Unternehmen aus Dielheim stehen wir f\u00fcr Qualit\u00e4t, Ehrlichkeit und direkte Kommunikation.Wir arbeiten schnell, sauber und zuverl\u00e4ssig \u2013 von Wiesloch \u00fcber Heidelberg bis Sinsheim. Kontaktieren Sie uns f\u00fcr Ihr n\u00e4chstes Projekt \u2013 EPP Erdbau GmbH bringt Bewegung in Ihr Bauvorhaben.\" \/>\n<meta property=\"og:url\" content=\"http:\/\/vanixx.de\/\" \/>\n<meta property=\"og:site_name\" content=\"vanixx.de\" \/>\n<meta property=\"article:modified_time\" content=\"2025-11-05T10:19:44+00:00\" \/>\n<meta property=\"og:image\" content=\"http:\/\/vanixx.de\/wp-content\/uploads\/2025\/11\/Start.png\" \/>\n<meta name=\"twitter:card\" content=\"summary_large_image\" \/>\n<meta name=\"twitter:label1\" content=\"Gesch\u00e4tzte Lesezeit\" \/>\n\t<meta name=\"twitter:data1\" content=\"1\u00a0Minute\" \/>\n<script type=\"application\/ld+json\" class=\"yoast-schema-graph\">{\"@context\":\"https:\/\/schema.org\",\"@graph\":[{\"@type\":\"WebPage\",\"@id\":\"http:\/\/vanixx.de\/\",\"url\":\"http:\/\/vanixx.de\/\",\"name\":\"Willkommen - vanixx.de\",\"isPartOf\":{\"@id\":\"http:\/\/vanixx.de\/#website\"},\"primaryImageOfPage\":{\"@id\":\"http:\/\/vanixx.de\/#primaryimage\"},\"image\":{\"@id\":\"http:\/\/vanixx.de\/#primaryimage\"},\"thumbnailUrl\":\"http:\/\/vanixx.de\/wp-content\/uploads\/2025\/11\/Start.png\",\"datePublished\":\"2025-11-05T06:46:27+00:00\",\"dateModified\":\"2025-11-05T10:19:44+00:00\",\"breadcrumb\":{\"@id\":\"http:\/\/vanixx.de\/#breadcrumb\"},\"inLanguage\":\"de\",\"potentialAction\":[{\"@type\":\"ReadAction\",\"target\":[\"http:\/\/vanixx.de\/\"]}]},{\"@type\":\"ImageObject\",\"inLanguage\":\"de\",\"@id\":\"http:\/\/vanixx.de\/#primaryimage\",\"url\":\"https:\/\/vanixx.de\/wp-content\/uploads\/2025\/11\/Start.png\",\"contentUrl\":\"https:\/\/vanixx.de\/wp-content\/uploads\/2025\/11\/Start.png\",\"width\":410,\"height\":614},{\"@type\":\"BreadcrumbList\",\"@id\":\"http:\/\/vanixx.de\/#breadcrumb\",\"itemListElement\":[{\"@type\":\"ListItem\",\"position\":1,\"name\":\"Startseite\",\"item\":\"http:\/\/vanixx.de\/\"},{\"@type\":\"ListItem\",\"position\":2,\"name\":\"Willkommen\"}]},{\"@type\":\"WebSite\",\"@id\":\"http:\/\/vanixx.de\/#website\",\"url\":\"http:\/\/vanixx.de\/\",\"name\":\"Epp Erdbau\",\"description\":\"Epp Erdbau\",\"publisher\":{\"@id\":\"http:\/\/vanixx.de\/#organization\"},\"potentialAction\":[{\"@type\":\"SearchAction\",\"target\":{\"@type\":\"EntryPoint\",\"urlTemplate\":\"http:\/\/vanixx.de\/?s={search_term_string}\"},\"query-input\":{\"@type\":\"PropertyValueSpecification\",\"valueRequired\":true,\"valueName\":\"search_term_string\"}}],\"inLanguage\":\"de\"},{\"@type\":\"Organization\",\"@id\":\"http:\/\/vanixx.de\/#organization\",\"name\":\"vanixx.de\",\"url\":\"http:\/\/vanixx.de\/\",\"logo\":{\"@type\":\"ImageObject\",\"inLanguage\":\"de\",\"@id\":\"http:\/\/vanixx.de\/#\/schema\/logo\/image\/\",\"url\":\"https:\/\/vanixx.de\/wp-content\/uploads\/2025\/11\/cropped-ChatGPT-Image-5.-Nov.-2025-08_30_53.png\",\"contentUrl\":\"https:\/\/vanixx.de\/wp-content\/uploads\/2025\/11\/cropped-ChatGPT-Image-5.-Nov.-2025-08_30_53.png\",\"width\":1024,\"height\":879,\"caption\":\"vanixx.de\"},\"image\":{\"@id\":\"http:\/\/vanixx.de\/#\/schema\/logo\/image\/\"}}]}<\/script>\n<!-- \/ Yoast SEO plugin. -->","yoast_head_json":{"title":"Willkommen - vanixx.de","robots":{"index":"index","follow":"follow","max-snippet":"max-snippet:-1","max-image-preview":"max-image-preview:large","max-video-preview":"max-video-preview:-1"},"canonical":"http:\/\/vanixx.de\/","og_locale":"de_DE","og_type":"article","og_title":"Willkommen - vanixx.de","og_description":"Erdarbeiten, Aushub und Transporte im Raum Dielheim, Wiesloch &amp; Heidelberg Die\u00a0EPP Erdbau GmbH\u00a0ist Ihr regionaler Partner f\u00fcr professionelle Erdarbeiten, Baugruben, Abbruch und Transporte im Rhein-Neckar-Kreis.Mit modernen Baumaschinen, Erfahrung und viel Leidenschaft f\u00fchren wir alle Arbeiten rund um\u00a0Erdbau und Aushubzuverl\u00e4ssig und termingerecht aus. \u00a0 Willkommen bei EPP Erdbau GmbH Ob Hausbau, Gewerbefl\u00e4che oder Landschaftsgestaltung \u2013 wir \u00fcbernehmen das Abtragen, Planieren, Verdichten und den fachgerechten Abtransport von Erde und Material.Unsere LKW- und Baggerflotte ist auf Effizienz und Pr\u00e4zision ausgelegt \u2013 f\u00fcr ein Ergebnis, das sich sehen lassen kann. Als regionales Unternehmen aus Dielheim stehen wir f\u00fcr Qualit\u00e4t, Ehrlichkeit und direkte Kommunikation.Wir arbeiten schnell, sauber und zuverl\u00e4ssig \u2013 von Wiesloch \u00fcber Heidelberg bis Sinsheim. Kontaktieren Sie uns f\u00fcr Ihr n\u00e4chstes Projekt \u2013 EPP Erdbau GmbH bringt Bewegung in Ihr Bauvorhaben.","og_url":"http:\/\/vanixx.de\/","og_site_name":"vanixx.de","article_modified_time":"2025-11-05T10:19:44+00:00","og_image":[{"url":"http:\/\/vanixx.de\/wp-content\/uploads\/2025\/11\/Start.png","type":"","width":"","height":""}],"twitter_card":"summary_large_image","twitter_misc":{"Gesch\u00e4tzte Lesezeit":"1\u00a0Minute"},"schema":{"@context":"https:\/\/schema.org","@graph":[{"@type":"WebPage","@id":"http:\/\/vanixx.de\/","url":"http:\/\/vanixx.de\/","name":"Willkommen - vanixx.de","isPartOf":{"@id":"http:\/\/vanixx.de\/#website"},"primaryImageOfPage":{"@id":"http:\/\/vanixx.de\/#primaryimage"},"image":{"@id":"http:\/\/vanixx.de\/#primaryimage"},"thumbnailUrl":"http:\/\/vanixx.de\/wp-content\/uploads\/2025\/11\/Start.png","datePublished":"2025-11-05T06:46:27+00:00","dateModified":"2025-11-05T10:19:44+00:00","breadcrumb":{"@id":"http:\/\/vanixx.de\/#breadcrumb"},"inLanguage":"de","potentialAction":[{"@type":"ReadAction","target":["http:\/\/vanixx.de\/"]}]},{"@type":"ImageObject","inLanguage":"de","@id":"http:\/\/vanixx.de\/#primaryimage","url":"https:\/\/vanixx.de\/wp-content\/uploads\/2025\/11\/Start.png","contentUrl":"https:\/\/vanixx.de\/wp-content\/uploads\/2025\/11\/Start.png","width":410,"height":614},{"@type":"BreadcrumbList","@id":"http:\/\/vanixx.de\/#breadcrumb","itemListElement":[{"@type":"ListItem","position":1,"name":"Startseite","item":"http:\/\/vanixx.de\/"},{"@type":"ListItem","position":2,"name":"Willkommen"}]},{"@type":"WebSite","@id":"http:\/\/vanixx.de\/#website","url":"http:\/\/vanixx.de\/","name":"Epp Erdbau","description":"Epp Erdbau","publisher":{"@id":"http:\/\/vanixx.de\/#organization"},"potentialAction":[{"@type":"SearchAction","target":{"@type":"EntryPoint","urlTemplate":"http:\/\/vanixx.de\/?s={search_term_string}"},"query-input":{"@type":"PropertyValueSpecification","valueRequired":true,"valueName":"search_term_string"}}],"inLanguage":"de"},{"@type":"Organization","@id":"http:\/\/vanixx.de\/#organization","name":"vanixx.de","url":"http:\/\/vanixx.de\/","logo":{"@type":"ImageObject","inLanguage":"de","@id":"http:\/\/vanixx.de\/#\/schema\/logo\/image\/","url":"https:\/\/vanixx.de\/wp-content\/uploads\/2025\/11\/cropped-ChatGPT-Image-5.-Nov.-2025-08_30_53.png","contentUrl":"https:\/\/vanixx.de\/wp-content\/uploads\/2025\/11\/cropped-ChatGPT-Image-5.-Nov.-2025-08_30_53.png","width":1024,"height":879,"caption":"vanixx.de"},"image":{"@id":"http:\/\/vanixx.de\/#\/schema\/logo\/image\/"}}]}},"_links":{"self":[{"href":"https:\/\/vanixx.de\/index.php?rest_route=\/wp\/v2\/pages\/8","targetHints":{"allow":["GET"]}}],"collection":[{"href":"https:\/\/vanixx.de\/index.php?rest_route=\/wp\/v2\/pages"}],"about":[{"href":"https:\/\/vanixx.de\/index.php?rest_route=\/wp\/v2\/types\/page"}],"author":[{"embeddable":true,"href":"https:\/\/vanixx.de\/index.php?rest_route=\/wp\/v2\/users\/1"}],"replies":[{"embeddable":true,"href":"https:\/\/vanixx.de\/index.php?rest_route=%2Fwp%2Fv2%2Fcomments&post=8"}],"version-history":[{"count":10,"href":"https:\/\/vanixx.de\/index.php?rest_route=\/wp\/v2\/pages\/8\/revisions"}],"predecessor-version":[{"id":202,"href":"https:\/\/vanixx.de\/index.php?rest_route=\/wp\/v2\/pages\/8\/revisions\/202"}],"wp:attachment":[{"href":"https:\/\/vanixx.de\/index.php?rest_route=%2Fwp%2Fv2%2Fmedia&parent=8"}],"curies":[{"name":"wp","href":"https:\/\/api.w.org\/{rel}","templated":true}]}}