{"id":145,"date":"2025-11-05T10:38:05","date_gmt":"2025-11-05T09:38:05","guid":{"rendered":"https:\/\/vanixx.de\/?page_id=145"},"modified":"2025-11-05T11:08:16","modified_gmt":"2025-11-05T10:08:16","slug":"hangabfangungen","status":"publish","type":"page","link":"https:\/\/vanixx.de\/?page_id=145","title":{"rendered":"Hangabfangungen"},"content":{"rendered":"\t\t<div data-elementor-type=\"wp-page\" data-elementor-id=\"145\" class=\"elementor elementor-145\">\n\t\t\t\t<div class=\"elementor-element elementor-element-368edd6 e-flex e-con-boxed wpr-particle-no wpr-jarallax-no wpr-parallax-no wpr-sticky-section-no e-con e-parent\" data-id=\"368edd6\" data-element_type=\"container\">\n\t\t\t\t\t<div class=\"e-con-inner\">\n\t\t\t\t<div class=\"elementor-element elementor-element-58bc6fa elementor-widget elementor-widget-image\" data-id=\"58bc6fa\" data-element_type=\"widget\" data-widget_type=\"image.default\">\n\t\t\t\t\t\t\t\t\t\t\t\t\t\t\t<img fetchpriority=\"high\" decoding=\"async\" width=\"1024\" height=\"1024\" src=\"https:\/\/vanixx.de\/wp-content\/uploads\/2025\/11\/Hangabfangungen.png\" class=\"attachment-large size-large wp-image-177\" alt=\"\" srcset=\"https:\/\/vanixx.de\/wp-content\/uploads\/2025\/11\/Hangabfangungen.png 1024w, https:\/\/vanixx.de\/wp-content\/uploads\/2025\/11\/Hangabfangungen-300x300.png 300w, https:\/\/vanixx.de\/wp-content\/uploads\/2025\/11\/Hangabfangungen-150x150.png 150w, https:\/\/vanixx.de\/wp-content\/uploads\/2025\/11\/Hangabfangungen-768x768.png 768w\" sizes=\"(max-width: 1024px) 100vw, 1024px\" \/>\t\t\t\t\t\t\t\t\t\t\t\t\t\t\t<\/div>\n\t\t\t\t<div class=\"elementor-element elementor-element-16e0f2a elementor-widget elementor-widget-text-editor\" data-id=\"16e0f2a\" data-element_type=\"widget\" data-widget_type=\"text-editor.default\">\n\t\t\t\t\t\t\t\t\t<p data-start=\"149\" data-end=\"189\"><strong data-start=\"149\" data-end=\"189\">Hangabfangungen &amp; B\u00f6schungssicherung<\/strong><\/p><p data-start=\"191\" data-end=\"393\">Wo Gel\u00e4nde in Bewegung kommt, braucht es Erfahrung und die richtige Technik.<br data-start=\"267\" data-end=\"270\" \/>Wir von der Epp Erdbau GmbH sichern H\u00e4nge, B\u00f6schungen und Grundst\u00fccke dauerhaft \u2013 damit alles dort bleibt, wo es hingeh\u00f6rt.<\/p><p data-start=\"395\" data-end=\"526\">Ob Neubau am Hang, Gartenanlage oder Zufahrt \u2013 wir schaffen stabile L\u00f6sungen, die sich ins Gel\u00e4nde einf\u00fcgen und langfristig halten.<\/p><p data-start=\"528\" data-end=\"575\"><strong data-start=\"528\" data-end=\"575\">Unsere Leistungen im Bereich Hangabfangung:<\/strong><\/p><ul data-start=\"576\" data-end=\"828\"><li data-start=\"576\" data-end=\"628\"><p data-start=\"578\" data-end=\"628\">B\u00f6schungssicherung mit Naturstein oder L-Steinen<\/p><\/li><li data-start=\"629\" data-end=\"668\"><p data-start=\"631\" data-end=\"668\">St\u00fctzmauern aus Beton oder Gabionen<\/p><\/li><li data-start=\"669\" data-end=\"711\"><p data-start=\"671\" data-end=\"711\">Gel\u00e4ndeabfangungen und Terrassierungen<\/p><\/li><li data-start=\"712\" data-end=\"766\"><p data-start=\"714\" data-end=\"766\">Entw\u00e4sserung und Bodenaustausch zur Stabilisierung<\/p><\/li><li data-start=\"767\" data-end=\"828\"><p data-start=\"769\" data-end=\"828\">Planung und Ausf\u00fchrung abgestimmt auf Gel\u00e4nde und Nutzung<\/p><\/li><\/ul><p data-start=\"830\" data-end=\"993\">Mit Erfahrung, dem passenden Ger\u00e4t und einem Auge f\u00fcrs Detail schaffen wir sichere und optisch ansprechende L\u00f6sungen \u2013 langlebig, funktional und sauber ausgef\u00fchrt.<\/p><p data-start=\"995\" data-end=\"1039\"><strong data-start=\"995\" data-end=\"1039\">Epp Erdbau GmbH \u2013 wir sichern, was h\u00e4lt.<\/strong><\/p>\t\t\t\t\t\t\t\t<\/div>\n\t\t\t\t\t<\/div>\n\t\t\t\t<\/div>\n\t\t\t\t<\/div>\n\t\t","protected":false},"excerpt":{"rendered":"<p>Hangabfangungen &amp; B\u00f6schungssicherung Wo Gel\u00e4nde in Bewegung kommt, braucht es Erfahrung und die richtige Technik.Wir von der Epp Erdbau GmbH sichern H\u00e4nge, B\u00f6schungen und Grundst\u00fccke dauerhaft \u2013 damit alles dort bleibt, wo es hingeh\u00f6rt. Ob Neubau am Hang, Gartenanlage oder Zufahrt \u2013 wir schaffen stabile L\u00f6sungen, die sich ins Gel\u00e4nde einf\u00fcgen und langfristig halten. Unsere Leistungen im Bereich Hangabfangung: B\u00f6schungssicherung mit Naturstein oder L-Steinen St\u00fctzmauern aus Beton oder Gabionen Gel\u00e4ndeabfangungen und Terrassierungen Entw\u00e4sserung und Bodenaustausch zur Stabilisierung Planung und Ausf\u00fchrung abgestimmt auf Gel\u00e4nde und Nutzung Mit Erfahrung, dem passenden Ger\u00e4t und einem Auge f\u00fcrs Detail schaffen wir sichere und optisch ansprechende L\u00f6sungen \u2013 langlebig, funktional und sauber ausgef\u00fchrt. Epp Erdbau GmbH \u2013 wir sichern, was h\u00e4lt.<\/p>\n","protected":false},"author":1,"featured_media":0,"parent":0,"menu_order":0,"comment_status":"closed","ping_status":"closed","template":"","meta":{"footnotes":""},"class_list":["post-145","page","type-page","status-publish"],"yoast_head":"<!-- This site is optimized with the Yoast SEO plugin v26.3 - https:\/\/yoast.com\/wordpress\/plugins\/seo\/ -->\n<title>Hangabfangungen - vanixx.de<\/title>\n<meta name=\"robots\" content=\"index, follow, max-snippet:-1, max-image-preview:large, max-video-preview:-1\" \/>\n<link rel=\"canonical\" href=\"https:\/\/vanixx.de\/?page_id=145\" \/>\n<meta property=\"og:locale\" content=\"de_DE\" \/>\n<meta property=\"og:type\" content=\"article\" \/>\n<meta property=\"og:title\" content=\"Hangabfangungen - vanixx.de\" \/>\n<meta property=\"og:description\" content=\"Hangabfangungen &amp; B\u00f6schungssicherung Wo Gel\u00e4nde in Bewegung kommt, braucht es Erfahrung und die richtige Technik.Wir von der Epp Erdbau GmbH sichern H\u00e4nge, B\u00f6schungen und Grundst\u00fccke dauerhaft \u2013 damit alles dort bleibt, wo es hingeh\u00f6rt. Ob Neubau am Hang, Gartenanlage oder Zufahrt \u2013 wir schaffen stabile L\u00f6sungen, die sich ins Gel\u00e4nde einf\u00fcgen und langfristig halten. Unsere Leistungen im Bereich Hangabfangung: B\u00f6schungssicherung mit Naturstein oder L-Steinen St\u00fctzmauern aus Beton oder Gabionen Gel\u00e4ndeabfangungen und Terrassierungen Entw\u00e4sserung und Bodenaustausch zur Stabilisierung Planung und Ausf\u00fchrung abgestimmt auf Gel\u00e4nde und Nutzung Mit Erfahrung, dem passenden Ger\u00e4t und einem Auge f\u00fcrs Detail schaffen wir sichere und optisch ansprechende L\u00f6sungen \u2013 langlebig, funktional und sauber ausgef\u00fchrt. Epp Erdbau GmbH \u2013 wir sichern, was h\u00e4lt.\" \/>\n<meta property=\"og:url\" content=\"https:\/\/vanixx.de\/?page_id=145\" \/>\n<meta property=\"og:site_name\" content=\"vanixx.de\" \/>\n<meta property=\"article:modified_time\" content=\"2025-11-05T10:08:16+00:00\" \/>\n<meta property=\"og:image\" content=\"http:\/\/vanixx.de\/wp-content\/uploads\/2025\/11\/Hangabfangungen.png\" \/>\n<meta name=\"twitter:card\" content=\"summary_large_image\" \/>\n<meta name=\"twitter:label1\" content=\"Gesch\u00e4tzte Lesezeit\" \/>\n\t<meta name=\"twitter:data1\" content=\"1\u00a0Minute\" \/>\n<script type=\"application\/ld+json\" class=\"yoast-schema-graph\">{\"@context\":\"https:\/\/schema.org\",\"@graph\":[{\"@type\":\"WebPage\",\"@id\":\"https:\/\/vanixx.de\/?page_id=145\",\"url\":\"https:\/\/vanixx.de\/?page_id=145\",\"name\":\"Hangabfangungen - vanixx.de\",\"isPartOf\":{\"@id\":\"https:\/\/vanixx.de\/#website\"},\"primaryImageOfPage\":{\"@id\":\"https:\/\/vanixx.de\/?page_id=145#primaryimage\"},\"image\":{\"@id\":\"https:\/\/vanixx.de\/?page_id=145#primaryimage\"},\"thumbnailUrl\":\"http:\/\/vanixx.de\/wp-content\/uploads\/2025\/11\/Hangabfangungen.png\",\"datePublished\":\"2025-11-05T09:38:05+00:00\",\"dateModified\":\"2025-11-05T10:08:16+00:00\",\"breadcrumb\":{\"@id\":\"https:\/\/vanixx.de\/?page_id=145#breadcrumb\"},\"inLanguage\":\"de\",\"potentialAction\":[{\"@type\":\"ReadAction\",\"target\":[\"https:\/\/vanixx.de\/?page_id=145\"]}]},{\"@type\":\"ImageObject\",\"inLanguage\":\"de\",\"@id\":\"https:\/\/vanixx.de\/?page_id=145#primaryimage\",\"url\":\"https:\/\/vanixx.de\/wp-content\/uploads\/2025\/11\/Hangabfangungen.png\",\"contentUrl\":\"https:\/\/vanixx.de\/wp-content\/uploads\/2025\/11\/Hangabfangungen.png\",\"width\":1024,\"height\":1024},{\"@type\":\"BreadcrumbList\",\"@id\":\"https:\/\/vanixx.de\/?page_id=145#breadcrumb\",\"itemListElement\":[{\"@type\":\"ListItem\",\"position\":1,\"name\":\"Startseite\",\"item\":\"https:\/\/vanixx.de\/\"},{\"@type\":\"ListItem\",\"position\":2,\"name\":\"Hangabfangungen\"}]},{\"@type\":\"WebSite\",\"@id\":\"https:\/\/vanixx.de\/#website\",\"url\":\"https:\/\/vanixx.de\/\",\"name\":\"Epp Erdbau\",\"description\":\"Epp Erdbau\",\"publisher\":{\"@id\":\"https:\/\/vanixx.de\/#organization\"},\"potentialAction\":[{\"@type\":\"SearchAction\",\"target\":{\"@type\":\"EntryPoint\",\"urlTemplate\":\"https:\/\/vanixx.de\/?s={search_term_string}\"},\"query-input\":{\"@type\":\"PropertyValueSpecification\",\"valueRequired\":true,\"valueName\":\"search_term_string\"}}],\"inLanguage\":\"de\"},{\"@type\":\"Organization\",\"@id\":\"https:\/\/vanixx.de\/#organization\",\"name\":\"vanixx.de\",\"url\":\"https:\/\/vanixx.de\/\",\"logo\":{\"@type\":\"ImageObject\",\"inLanguage\":\"de\",\"@id\":\"https:\/\/vanixx.de\/#\/schema\/logo\/image\/\",\"url\":\"https:\/\/vanixx.de\/wp-content\/uploads\/2025\/11\/cropped-ChatGPT-Image-5.-Nov.-2025-08_30_53.png\",\"contentUrl\":\"https:\/\/vanixx.de\/wp-content\/uploads\/2025\/11\/cropped-ChatGPT-Image-5.-Nov.-2025-08_30_53.png\",\"width\":1024,\"height\":879,\"caption\":\"vanixx.de\"},\"image\":{\"@id\":\"https:\/\/vanixx.de\/#\/schema\/logo\/image\/\"}}]}<\/script>\n<!-- \/ Yoast SEO plugin. -->","yoast_head_json":{"title":"Hangabfangungen - vanixx.de","robots":{"index":"index","follow":"follow","max-snippet":"max-snippet:-1","max-image-preview":"max-image-preview:large","max-video-preview":"max-video-preview:-1"},"canonical":"https:\/\/vanixx.de\/?page_id=145","og_locale":"de_DE","og_type":"article","og_title":"Hangabfangungen - vanixx.de","og_description":"Hangabfangungen &amp; B\u00f6schungssicherung Wo Gel\u00e4nde in Bewegung kommt, braucht es Erfahrung und die richtige Technik.Wir von der Epp Erdbau GmbH sichern H\u00e4nge, B\u00f6schungen und Grundst\u00fccke dauerhaft \u2013 damit alles dort bleibt, wo es hingeh\u00f6rt. Ob Neubau am Hang, Gartenanlage oder Zufahrt \u2013 wir schaffen stabile L\u00f6sungen, die sich ins Gel\u00e4nde einf\u00fcgen und langfristig halten. Unsere Leistungen im Bereich Hangabfangung: B\u00f6schungssicherung mit Naturstein oder L-Steinen St\u00fctzmauern aus Beton oder Gabionen Gel\u00e4ndeabfangungen und Terrassierungen Entw\u00e4sserung und Bodenaustausch zur Stabilisierung Planung und Ausf\u00fchrung abgestimmt auf Gel\u00e4nde und Nutzung Mit Erfahrung, dem passenden Ger\u00e4t und einem Auge f\u00fcrs Detail schaffen wir sichere und optisch ansprechende L\u00f6sungen \u2013 langlebig, funktional und sauber ausgef\u00fchrt. Epp Erdbau GmbH \u2013 wir sichern, was h\u00e4lt.","og_url":"https:\/\/vanixx.de\/?page_id=145","og_site_name":"vanixx.de","article_modified_time":"2025-11-05T10:08:16+00:00","og_image":[{"url":"http:\/\/vanixx.de\/wp-content\/uploads\/2025\/11\/Hangabfangungen.png","type":"","width":"","height":""}],"twitter_card":"summary_large_image","twitter_misc":{"Gesch\u00e4tzte Lesezeit":"1\u00a0Minute"},"schema":{"@context":"https:\/\/schema.org","@graph":[{"@type":"WebPage","@id":"https:\/\/vanixx.de\/?page_id=145","url":"https:\/\/vanixx.de\/?page_id=145","name":"Hangabfangungen - vanixx.de","isPartOf":{"@id":"https:\/\/vanixx.de\/#website"},"primaryImageOfPage":{"@id":"https:\/\/vanixx.de\/?page_id=145#primaryimage"},"image":{"@id":"https:\/\/vanixx.de\/?page_id=145#primaryimage"},"thumbnailUrl":"http:\/\/vanixx.de\/wp-content\/uploads\/2025\/11\/Hangabfangungen.png","datePublished":"2025-11-05T09:38:05+00:00","dateModified":"2025-11-05T10:08:16+00:00","breadcrumb":{"@id":"https:\/\/vanixx.de\/?page_id=145#breadcrumb"},"inLanguage":"de","potentialAction":[{"@type":"ReadAction","target":["https:\/\/vanixx.de\/?page_id=145"]}]},{"@type":"ImageObject","inLanguage":"de","@id":"https:\/\/vanixx.de\/?page_id=145#primaryimage","url":"https:\/\/vanixx.de\/wp-content\/uploads\/2025\/11\/Hangabfangungen.png","contentUrl":"https:\/\/vanixx.de\/wp-content\/uploads\/2025\/11\/Hangabfangungen.png","width":1024,"height":1024},{"@type":"BreadcrumbList","@id":"https:\/\/vanixx.de\/?page_id=145#breadcrumb","itemListElement":[{"@type":"ListItem","position":1,"name":"Startseite","item":"https:\/\/vanixx.de\/"},{"@type":"ListItem","position":2,"name":"Hangabfangungen"}]},{"@type":"WebSite","@id":"https:\/\/vanixx.de\/#website","url":"https:\/\/vanixx.de\/","name":"Epp Erdbau","description":"Epp Erdbau","publisher":{"@id":"https:\/\/vanixx.de\/#organization"},"potentialAction":[{"@type":"SearchAction","target":{"@type":"EntryPoint","urlTemplate":"https:\/\/vanixx.de\/?s={search_term_string}"},"query-input":{"@type":"PropertyValueSpecification","valueRequired":true,"valueName":"search_term_string"}}],"inLanguage":"de"},{"@type":"Organization","@id":"https:\/\/vanixx.de\/#organization","name":"vanixx.de","url":"https:\/\/vanixx.de\/","logo":{"@type":"ImageObject","inLanguage":"de","@id":"https:\/\/vanixx.de\/#\/schema\/logo\/image\/","url":"https:\/\/vanixx.de\/wp-content\/uploads\/2025\/11\/cropped-ChatGPT-Image-5.-Nov.-2025-08_30_53.png","contentUrl":"https:\/\/vanixx.de\/wp-content\/uploads\/2025\/11\/cropped-ChatGPT-Image-5.-Nov.-2025-08_30_53.png","width":1024,"height":879,"caption":"vanixx.de"},"image":{"@id":"https:\/\/vanixx.de\/#\/schema\/logo\/image\/"}}]}},"_links":{"self":[{"href":"https:\/\/vanixx.de\/index.php?rest_route=\/wp\/v2\/pages\/145","targetHints":{"allow":["GET"]}}],"collection":[{"href":"https:\/\/vanixx.de\/index.php?rest_route=\/wp\/v2\/pages"}],"about":[{"href":"https:\/\/vanixx.de\/index.php?rest_route=\/wp\/v2\/types\/page"}],"author":[{"embeddable":true,"href":"https:\/\/vanixx.de\/index.php?rest_route=\/wp\/v2\/users\/1"}],"replies":[{"embeddable":true,"href":"https:\/\/vanixx.de\/index.php?rest_route=%2Fwp%2Fv2%2Fcomments&post=145"}],"version-history":[{"count":7,"href":"https:\/\/vanixx.de\/index.php?rest_route=\/wp\/v2\/pages\/145\/revisions"}],"predecessor-version":[{"id":186,"href":"https:\/\/vanixx.de\/index.php?rest_route=\/wp\/v2\/pages\/145\/revisions\/186"}],"wp:attachment":[{"href":"https:\/\/vanixx.de\/index.php?rest_route=%2Fwp%2Fv2%2Fmedia&parent=145"}],"curies":[{"name":"wp","href":"https:\/\/api.w.org\/{rel}","templated":true}]}}