{"id":141,"date":"2025-11-05T10:37:23","date_gmt":"2025-11-05T09:37:23","guid":{"rendered":"https:\/\/vanixx.de\/?page_id=141"},"modified":"2025-11-05T11:11:46","modified_gmt":"2025-11-05T10:11:46","slug":"transporte","status":"publish","type":"page","link":"https:\/\/vanixx.de\/?page_id=141","title":{"rendered":"Transporte"},"content":{"rendered":"\t\t<div data-elementor-type=\"wp-page\" data-elementor-id=\"141\" class=\"elementor elementor-141\">\n\t\t\t\t<div class=\"elementor-element elementor-element-7fb41b9 e-flex e-con-boxed wpr-particle-no wpr-jarallax-no wpr-parallax-no wpr-sticky-section-no e-con e-parent\" data-id=\"7fb41b9\" data-element_type=\"container\">\n\t\t\t\t\t<div class=\"e-con-inner\">\n\t\t\t\t<div class=\"elementor-element elementor-element-d83d1c5 elementor-widget elementor-widget-image\" data-id=\"d83d1c5\" data-element_type=\"widget\" data-widget_type=\"image.default\">\n\t\t\t\t\t\t\t\t\t\t\t\t\t\t\t<img fetchpriority=\"high\" decoding=\"async\" width=\"900\" height=\"900\" src=\"https:\/\/vanixx.de\/wp-content\/uploads\/2025\/11\/Transporte.png\" class=\"attachment-large size-large wp-image-176\" alt=\"\" srcset=\"https:\/\/vanixx.de\/wp-content\/uploads\/2025\/11\/Transporte.png 1024w, https:\/\/vanixx.de\/wp-content\/uploads\/2025\/11\/Transporte-300x300.png 300w, https:\/\/vanixx.de\/wp-content\/uploads\/2025\/11\/Transporte-150x150.png 150w, https:\/\/vanixx.de\/wp-content\/uploads\/2025\/11\/Transporte-768x768.png 768w\" sizes=\"(max-width: 900px) 100vw, 900px\" \/>\t\t\t\t\t\t\t\t\t\t\t\t\t\t\t<\/div>\n\t\t\t\t<div class=\"elementor-element elementor-element-71ee53c elementor-widget elementor-widget-text-editor\" data-id=\"71ee53c\" data-element_type=\"widget\" data-widget_type=\"text-editor.default\">\n\t\t\t\t\t\t\t\t\t<p data-start=\"154\" data-end=\"362\">Wenn\u2019s ums Bewegen von Material geht, sind wir zur Stelle.<br data-start=\"212\" data-end=\"215\" \/>Mit unserem eigenen Fuhrpark transportieren wir Erde, Schotter, Kies, Sand oder Recyclingmaterial sicher und p\u00fcnktlich dorthin, wo Sie es brauchen.<\/p><p data-start=\"364\" data-end=\"515\">Egal ob Baustelle, Garten oder Gewerbeprojekt \u2013 wir \u00fcbernehmen den Transport zuverl\u00e4ssig, flexibel und mit dem richtigen Gesp\u00fcr f\u00fcr Planung und Timing.<\/p><p data-start=\"517\" data-end=\"548\"><strong data-start=\"517\" data-end=\"548\">Unsere Transportleistungen:<\/strong><\/p><ul data-start=\"549\" data-end=\"793\"><li data-start=\"549\" data-end=\"591\"><p data-start=\"551\" data-end=\"591\">Abfuhr von Aushub, Bauschutt und Boden<\/p><\/li><li data-start=\"592\" data-end=\"647\"><p data-start=\"594\" data-end=\"647\">Lieferung von Kies, Sand, Schotter und F\u00fcllmaterial<\/p><\/li><li data-start=\"648\" data-end=\"679\"><p data-start=\"650\" data-end=\"679\">Transporte mit 4-Achser-LKW<\/p><\/li><li data-start=\"680\" data-end=\"722\"><p data-start=\"682\" data-end=\"722\">Kurzstrecken- und Baustellentransporte<\/p><\/li><li data-start=\"723\" data-end=\"793\"><p data-start=\"725\" data-end=\"793\">Entsorgung und Recycling in Zusammenarbeit mit regionalen Partnern<\/p><\/li><\/ul><p data-start=\"795\" data-end=\"964\">Unsere Fahrer sind erfahren, unsere Fahrzeuge bestens ausgestattet \u2013 so l\u00e4uft alles reibungslos und sicher.<br data-start=\"902\" data-end=\"905\" \/>Weil wir wissen, dass auf der Baustelle jedes Detail z\u00e4hlt.<\/p><p data-start=\"966\" data-end=\"1027\"><strong data-start=\"966\" data-end=\"1027\">Epp Erdbau GmbH \u2013 wir bringen Bewegung auf die Baustelle.<\/strong><\/p>\t\t\t\t\t\t\t\t<\/div>\n\t\t\t\t\t<\/div>\n\t\t\t\t<\/div>\n\t\t\t\t<\/div>\n\t\t","protected":false},"excerpt":{"rendered":"<p>Wenn\u2019s ums Bewegen von Material geht, sind wir zur Stelle.Mit unserem eigenen Fuhrpark transportieren wir Erde, Schotter, Kies, Sand oder Recyclingmaterial sicher und p\u00fcnktlich dorthin, wo Sie es brauchen. Egal ob Baustelle, Garten oder Gewerbeprojekt \u2013 wir \u00fcbernehmen den Transport zuverl\u00e4ssig, flexibel und mit dem richtigen Gesp\u00fcr f\u00fcr Planung und Timing. Unsere Transportleistungen: Abfuhr von Aushub, Bauschutt und Boden Lieferung von Kies, Sand, Schotter und F\u00fcllmaterial Transporte mit 4-Achser-LKW Kurzstrecken- und Baustellentransporte Entsorgung und Recycling in Zusammenarbeit mit regionalen Partnern Unsere Fahrer sind erfahren, unsere Fahrzeuge bestens ausgestattet \u2013 so l\u00e4uft alles reibungslos und sicher.Weil wir wissen, dass auf der Baustelle jedes Detail z\u00e4hlt. Epp Erdbau GmbH \u2013 wir bringen Bewegung auf die Baustelle.<\/p>\n","protected":false},"author":1,"featured_media":0,"parent":0,"menu_order":0,"comment_status":"closed","ping_status":"closed","template":"","meta":{"footnotes":""},"class_list":["post-141","page","type-page","status-publish"],"yoast_head":"<!-- This site is optimized with the Yoast SEO plugin v26.3 - https:\/\/yoast.com\/wordpress\/plugins\/seo\/ -->\n<title>Transporte - vanixx.de<\/title>\n<meta name=\"robots\" content=\"index, follow, max-snippet:-1, max-image-preview:large, max-video-preview:-1\" \/>\n<link rel=\"canonical\" href=\"https:\/\/vanixx.de\/?page_id=141\" \/>\n<meta property=\"og:locale\" content=\"de_DE\" \/>\n<meta property=\"og:type\" content=\"article\" \/>\n<meta property=\"og:title\" content=\"Transporte - vanixx.de\" \/>\n<meta property=\"og:description\" content=\"Wenn\u2019s ums Bewegen von Material geht, sind wir zur Stelle.Mit unserem eigenen Fuhrpark transportieren wir Erde, Schotter, Kies, Sand oder Recyclingmaterial sicher und p\u00fcnktlich dorthin, wo Sie es brauchen. Egal ob Baustelle, Garten oder Gewerbeprojekt \u2013 wir \u00fcbernehmen den Transport zuverl\u00e4ssig, flexibel und mit dem richtigen Gesp\u00fcr f\u00fcr Planung und Timing. Unsere Transportleistungen: Abfuhr von Aushub, Bauschutt und Boden Lieferung von Kies, Sand, Schotter und F\u00fcllmaterial Transporte mit 4-Achser-LKW Kurzstrecken- und Baustellentransporte Entsorgung und Recycling in Zusammenarbeit mit regionalen Partnern Unsere Fahrer sind erfahren, unsere Fahrzeuge bestens ausgestattet \u2013 so l\u00e4uft alles reibungslos und sicher.Weil wir wissen, dass auf der Baustelle jedes Detail z\u00e4hlt. Epp Erdbau GmbH \u2013 wir bringen Bewegung auf die Baustelle.\" \/>\n<meta property=\"og:url\" content=\"https:\/\/vanixx.de\/?page_id=141\" \/>\n<meta property=\"og:site_name\" content=\"vanixx.de\" \/>\n<meta property=\"article:modified_time\" content=\"2025-11-05T10:11:46+00:00\" \/>\n<meta property=\"og:image\" content=\"http:\/\/vanixx.de\/wp-content\/uploads\/2025\/11\/Transporte.png\" \/>\n<meta name=\"twitter:card\" content=\"summary_large_image\" \/>\n<meta name=\"twitter:label1\" content=\"Gesch\u00e4tzte Lesezeit\" \/>\n\t<meta name=\"twitter:data1\" content=\"1\u00a0Minute\" \/>\n<script type=\"application\/ld+json\" class=\"yoast-schema-graph\">{\"@context\":\"https:\/\/schema.org\",\"@graph\":[{\"@type\":\"WebPage\",\"@id\":\"https:\/\/vanixx.de\/?page_id=141\",\"url\":\"https:\/\/vanixx.de\/?page_id=141\",\"name\":\"Transporte - vanixx.de\",\"isPartOf\":{\"@id\":\"http:\/\/vanixx.de\/#website\"},\"primaryImageOfPage\":{\"@id\":\"https:\/\/vanixx.de\/?page_id=141#primaryimage\"},\"image\":{\"@id\":\"https:\/\/vanixx.de\/?page_id=141#primaryimage\"},\"thumbnailUrl\":\"http:\/\/vanixx.de\/wp-content\/uploads\/2025\/11\/Transporte.png\",\"datePublished\":\"2025-11-05T09:37:23+00:00\",\"dateModified\":\"2025-11-05T10:11:46+00:00\",\"breadcrumb\":{\"@id\":\"https:\/\/vanixx.de\/?page_id=141#breadcrumb\"},\"inLanguage\":\"de\",\"potentialAction\":[{\"@type\":\"ReadAction\",\"target\":[\"https:\/\/vanixx.de\/?page_id=141\"]}]},{\"@type\":\"ImageObject\",\"inLanguage\":\"de\",\"@id\":\"https:\/\/vanixx.de\/?page_id=141#primaryimage\",\"url\":\"https:\/\/vanixx.de\/wp-content\/uploads\/2025\/11\/Transporte.png\",\"contentUrl\":\"https:\/\/vanixx.de\/wp-content\/uploads\/2025\/11\/Transporte.png\",\"width\":1024,\"height\":1024},{\"@type\":\"BreadcrumbList\",\"@id\":\"https:\/\/vanixx.de\/?page_id=141#breadcrumb\",\"itemListElement\":[{\"@type\":\"ListItem\",\"position\":1,\"name\":\"Startseite\",\"item\":\"http:\/\/vanixx.de\/\"},{\"@type\":\"ListItem\",\"position\":2,\"name\":\"Transporte\"}]},{\"@type\":\"WebSite\",\"@id\":\"http:\/\/vanixx.de\/#website\",\"url\":\"http:\/\/vanixx.de\/\",\"name\":\"Epp Erdbau\",\"description\":\"Epp Erdbau\",\"publisher\":{\"@id\":\"http:\/\/vanixx.de\/#organization\"},\"potentialAction\":[{\"@type\":\"SearchAction\",\"target\":{\"@type\":\"EntryPoint\",\"urlTemplate\":\"http:\/\/vanixx.de\/?s={search_term_string}\"},\"query-input\":{\"@type\":\"PropertyValueSpecification\",\"valueRequired\":true,\"valueName\":\"search_term_string\"}}],\"inLanguage\":\"de\"},{\"@type\":\"Organization\",\"@id\":\"http:\/\/vanixx.de\/#organization\",\"name\":\"vanixx.de\",\"url\":\"http:\/\/vanixx.de\/\",\"logo\":{\"@type\":\"ImageObject\",\"inLanguage\":\"de\",\"@id\":\"http:\/\/vanixx.de\/#\/schema\/logo\/image\/\",\"url\":\"https:\/\/vanixx.de\/wp-content\/uploads\/2025\/11\/cropped-ChatGPT-Image-5.-Nov.-2025-08_30_53.png\",\"contentUrl\":\"https:\/\/vanixx.de\/wp-content\/uploads\/2025\/11\/cropped-ChatGPT-Image-5.-Nov.-2025-08_30_53.png\",\"width\":1024,\"height\":879,\"caption\":\"vanixx.de\"},\"image\":{\"@id\":\"http:\/\/vanixx.de\/#\/schema\/logo\/image\/\"}}]}<\/script>\n<!-- \/ Yoast SEO plugin. -->","yoast_head_json":{"title":"Transporte - vanixx.de","robots":{"index":"index","follow":"follow","max-snippet":"max-snippet:-1","max-image-preview":"max-image-preview:large","max-video-preview":"max-video-preview:-1"},"canonical":"https:\/\/vanixx.de\/?page_id=141","og_locale":"de_DE","og_type":"article","og_title":"Transporte - vanixx.de","og_description":"Wenn\u2019s ums Bewegen von Material geht, sind wir zur Stelle.Mit unserem eigenen Fuhrpark transportieren wir Erde, Schotter, Kies, Sand oder Recyclingmaterial sicher und p\u00fcnktlich dorthin, wo Sie es brauchen. Egal ob Baustelle, Garten oder Gewerbeprojekt \u2013 wir \u00fcbernehmen den Transport zuverl\u00e4ssig, flexibel und mit dem richtigen Gesp\u00fcr f\u00fcr Planung und Timing. Unsere Transportleistungen: Abfuhr von Aushub, Bauschutt und Boden Lieferung von Kies, Sand, Schotter und F\u00fcllmaterial Transporte mit 4-Achser-LKW Kurzstrecken- und Baustellentransporte Entsorgung und Recycling in Zusammenarbeit mit regionalen Partnern Unsere Fahrer sind erfahren, unsere Fahrzeuge bestens ausgestattet \u2013 so l\u00e4uft alles reibungslos und sicher.Weil wir wissen, dass auf der Baustelle jedes Detail z\u00e4hlt. Epp Erdbau GmbH \u2013 wir bringen Bewegung auf die Baustelle.","og_url":"https:\/\/vanixx.de\/?page_id=141","og_site_name":"vanixx.de","article_modified_time":"2025-11-05T10:11:46+00:00","og_image":[{"url":"http:\/\/vanixx.de\/wp-content\/uploads\/2025\/11\/Transporte.png","type":"","width":"","height":""}],"twitter_card":"summary_large_image","twitter_misc":{"Gesch\u00e4tzte Lesezeit":"1\u00a0Minute"},"schema":{"@context":"https:\/\/schema.org","@graph":[{"@type":"WebPage","@id":"https:\/\/vanixx.de\/?page_id=141","url":"https:\/\/vanixx.de\/?page_id=141","name":"Transporte - vanixx.de","isPartOf":{"@id":"http:\/\/vanixx.de\/#website"},"primaryImageOfPage":{"@id":"https:\/\/vanixx.de\/?page_id=141#primaryimage"},"image":{"@id":"https:\/\/vanixx.de\/?page_id=141#primaryimage"},"thumbnailUrl":"http:\/\/vanixx.de\/wp-content\/uploads\/2025\/11\/Transporte.png","datePublished":"2025-11-05T09:37:23+00:00","dateModified":"2025-11-05T10:11:46+00:00","breadcrumb":{"@id":"https:\/\/vanixx.de\/?page_id=141#breadcrumb"},"inLanguage":"de","potentialAction":[{"@type":"ReadAction","target":["https:\/\/vanixx.de\/?page_id=141"]}]},{"@type":"ImageObject","inLanguage":"de","@id":"https:\/\/vanixx.de\/?page_id=141#primaryimage","url":"https:\/\/vanixx.de\/wp-content\/uploads\/2025\/11\/Transporte.png","contentUrl":"https:\/\/vanixx.de\/wp-content\/uploads\/2025\/11\/Transporte.png","width":1024,"height":1024},{"@type":"BreadcrumbList","@id":"https:\/\/vanixx.de\/?page_id=141#breadcrumb","itemListElement":[{"@type":"ListItem","position":1,"name":"Startseite","item":"http:\/\/vanixx.de\/"},{"@type":"ListItem","position":2,"name":"Transporte"}]},{"@type":"WebSite","@id":"http:\/\/vanixx.de\/#website","url":"http:\/\/vanixx.de\/","name":"Epp Erdbau","description":"Epp Erdbau","publisher":{"@id":"http:\/\/vanixx.de\/#organization"},"potentialAction":[{"@type":"SearchAction","target":{"@type":"EntryPoint","urlTemplate":"http:\/\/vanixx.de\/?s={search_term_string}"},"query-input":{"@type":"PropertyValueSpecification","valueRequired":true,"valueName":"search_term_string"}}],"inLanguage":"de"},{"@type":"Organization","@id":"http:\/\/vanixx.de\/#organization","name":"vanixx.de","url":"http:\/\/vanixx.de\/","logo":{"@type":"ImageObject","inLanguage":"de","@id":"http:\/\/vanixx.de\/#\/schema\/logo\/image\/","url":"https:\/\/vanixx.de\/wp-content\/uploads\/2025\/11\/cropped-ChatGPT-Image-5.-Nov.-2025-08_30_53.png","contentUrl":"https:\/\/vanixx.de\/wp-content\/uploads\/2025\/11\/cropped-ChatGPT-Image-5.-Nov.-2025-08_30_53.png","width":1024,"height":879,"caption":"vanixx.de"},"image":{"@id":"http:\/\/vanixx.de\/#\/schema\/logo\/image\/"}}]}},"_links":{"self":[{"href":"https:\/\/vanixx.de\/index.php?rest_route=\/wp\/v2\/pages\/141","targetHints":{"allow":["GET"]}}],"collection":[{"href":"https:\/\/vanixx.de\/index.php?rest_route=\/wp\/v2\/pages"}],"about":[{"href":"https:\/\/vanixx.de\/index.php?rest_route=\/wp\/v2\/types\/page"}],"author":[{"embeddable":true,"href":"https:\/\/vanixx.de\/index.php?rest_route=\/wp\/v2\/users\/1"}],"replies":[{"embeddable":true,"href":"https:\/\/vanixx.de\/index.php?rest_route=%2Fwp%2Fv2%2Fcomments&post=141"}],"version-history":[{"count":7,"href":"https:\/\/vanixx.de\/index.php?rest_route=\/wp\/v2\/pages\/141\/revisions"}],"predecessor-version":[{"id":194,"href":"https:\/\/vanixx.de\/index.php?rest_route=\/wp\/v2\/pages\/141\/revisions\/194"}],"wp:attachment":[{"href":"https:\/\/vanixx.de\/index.php?rest_route=%2Fwp%2Fv2%2Fmedia&parent=141"}],"curies":[{"name":"wp","href":"https:\/\/api.w.org\/{rel}","templated":true}]}}